 Let w = n - 18. What are the prime factors of w?
3, 11
Let v(c) = -c**2 - 3*c - 4. Suppose p = -3*p + 12. Let a(w) = -w**2 - 2*w - 4. Let f(x) = p*a(x) - 4*v(x). List the prime factors of f(-6).
2
Let s(i) = 19*i - 41. List the prime factors of s(6).
73
Let v(m) = -6*m - 15. List the prime factors of v(-19).
3, 11
Suppose 10 = h + 4*y - 5, -5*h + 2*y = -9. Suppose a + h = 20. List the prime factors of a.
17
Let o be (-176)/40*(5/(-1) - 0). Let i be -5*1*(-36)/15. Suppose 2*y - i = o. What are the prime factors of y?
17
Let t(k) = 3*k**3 + k**2 + k - 1. Let d(y) = -4*y**3 - 2*y**2 - y + 1. Let r(q) = 5*d(q) + 6*t(q). What are the prime factors of r(-3)?
2, 7
Let a(d) be the first derivative of 8*d**2 - 7. What are the prime factors of a(2)?
2
Let q(f) = -f**3 - 13*f**2 + 9*f + 10. What are the prime factors of q(-15)?
5, 13
Let u(w) = -w**3 - 3*w**2 + 4*w + 3. Let r be u(-4). Suppose -x = -r*x + 26. What are the prime factors of x?
13
Suppose 0 = 5*i, 0 = 2*j + 2*j - 3*i - 16. Let f(w) = w**2 - 4*w + 4. What are the prime factors of f(j)?
2
Let l(s) = 2*s - 2*s**2 - 4 + 4*s**2 + 2*s**2. Let x(r) = r**2 - r - 1. Let c(n) = l(n) - 2*x(n). List the prime factors of c(-4).
2, 7
Let x(t) = t**3 - 3*t**2 - t + 6. What are the prime factors of x(5)?
3, 17
Suppose 3*h - 2*r - 332 = 0, -2*r + 0*r = -4*h + 444. List the prime factors of h.
2, 7
Let d(l) = -l**2 + 3*l + 2. Let t be d(3). Let c(w) = -t*w - 7*w + 1 + 3*w + 2*w. What are the prime factors of c(-2)?
3
Let m = -3 - -7. Suppose m*y - 20 = 4*i, y = -y - i + 4. List the prime factors of y.
3
Let i = 16 - 11. Let z = i + -5. Suppose z*x - 3 = -x. List the prime factors of x.
3
Suppose 0*l - 2*a + 113 = 3*l, -l + 2*a + 51 = 0. List the prime factors of l.
41
Let s(p) = 1 + 4 + 8*p**2 - 4. What are the prime factors of s(-1)?
3
Let d(x) = -13*x**2 + x. Let i be d(1). Let q = -1 - i. List the prime factors of q.
11
Let o(r) = r**3 + r**2 - 12*r + 8. List the prime factors of o(5).
2, 7
Let p = 183 - 128. Suppose -135 = -3*q + 3*o, -q + 0*o + 3*o + p = 0. Suppose m + q = 8*d - 3*d, 2*m + 17 = 3*d. List the prime factors of d.
3
Suppose -5*z - 5 + 20 = 0, k + 8 = 3*z. Let j be (2/4)/k*0. Let d = 11 - j. What are the prime factors of d?
11
List the prime factors of 0/(-16) + 64 + -1.
3, 7
Let m(b) = b**2 + 3*b + 7. Let s be m(-8). Suppose s = 2*z - 1. List the prime factors of z.
2, 3
Let f(x) = x**3 + x**2 - 2*x + 118. What are the prime factors of f(0)?
2, 59
Suppose 0 = 5*d - d + 4. Suppose 2*i = 5*i. What are the prime factors of (-1)/(d + i)*7?
7
Let k(h) = -2*h**3 + 4*h + 9. Let y(o) = o**3 - 2*o - 5. Let q(t) = -4*k(t) - 7*y(t). Let c be q(-2). List the prime factors of c + 4 + 1 + 10.
2, 5
Let g(t) = -t - 1. Let v(y) = 4*y - 4. Let l(h) = 2*g(h) + v(h). List the prime factors of l(6).
2, 3
Let t(d) = 2*d**2 - 3*d + 1. Let x be t(2). Suppose 3*h = -x*a + 60, 4*h - 110 = -a + 3*a. Suppose 5*u - h = 10. List the prime factors of u.
7
Suppose 2*w + 1 = 5*k + 6*w, 2*w = 2*k - 4. Let m = -5 + k. What are the prime factors of 30/m*(-16)/10?
2, 3
Suppose -5*t - 50 = -3*a - 2*a, 0 = -t - 4. List the prime factors of a.
2, 3
Let c(b) = b**3 - 8*b**2 + 3*b - 3. What are the prime factors of c(8)?
3, 7
Suppose 5*l = -0*l + 460. List the prime factors of l.
2, 23
Let j = 5 - 0. Suppose 14 = j*s + 4. List the prime factors of (-104)/(-8) - s/2.
2, 3
Let o(g) = g**2 - 6*g - 2. Let h be o(6). Let l = -2 - h. Suppose 4*m - 2*s - 4 = l, 5*s - 8 = -2*m + 6*m. What are the prime factors of m?
3
Let o(r) = -52*r**3 - r**2 - r. Let x be o(-1). List the prime factors of (-6)/(-39) - (-1604)/x.
31
Suppose -z + 6*z = 0. Suppose 4*g = -2*q + 158, -2*q + 1 + 5 = z. What are the prime factors of g?
2, 19
Let u(x) = -x**3 - 37*x**2 - 8*x - 38. What are the prime factors of u(-37)?
2, 3, 43
Suppose z - 4*b + 2 - 1 = 0, -5*b = 5*z - 20. Suppose x - k = 60, 6*x = z*x + 4*k + 181. What are the prime factors of x?
59
Let p(r) = r**2 - 7*r - 8. Let i be p(8). Suppose h + i*h = -c + 12, 4*c + h = 42. List the prime factors of c.
2, 5
Let l(v) = -v - 5. Let o be l(-5). Suppose 0 = -3*w - 3*g + 72, 2*w = -4*g - o*g + 50. What are the prime factors of w?
23
Suppose -2*u + 12 = 2*u. Let w(z) = -3 + 3*z**2 + 4*z**2 + 2*z**u - 8*z - z**3 - 2*z**2. What are the prime factors of w(-6)?
3
Let j = 18 - 16. Suppose 0 = -j*h + 18 + 10. List the prime factors of h.
2, 7
Let v(q) = q**3 + 19*q**2 - 3*q - 8. What are the prime factors of v(-19)?
7
Let a(s) = 3*s**3 - 4*s**2 + 2*s + 2. List the prime factors of a(3).
53
Let o(j) = j**2 - 4*j - 12. Let d be (-16)/(-20) + 82/10. List the prime factors of o(d).
3, 11
Suppose 2845 + 35 = 9*n. List the prime factors of n.
2, 5
Let z = 0 - 0. Suppose -4*i + 2*c + 22 = -z, -3*c + 47 = 4*i. Suppose -w + 4 + i = 0. What are the prime factors of w?
2, 3
Let m = 26 - 22. List the prime factors of m.
2
Let j = -6 + 8. Suppose -3*z = -5*z + 4, -3*r = j*z - 13. Suppose -r*s - 3*x + 8 + 10 = 0, -2*s + 14 = 3*x. What are the prime factors of s?
2
Suppose -3*t = -2*t - 2. What are the prime factors of 3/(-3) - t - -20?
17
Let y = 0 + 1. Let c(h) = 2 - 2*h - 9*h - y. What are the prime factors of c(-1)?
2, 3
Let b = 2 - -42. Suppose -3*c - m = -26, 5*c - m - b = -2*m. What are the prime factors of 9*3/(c/4)?
2, 3
Let j(m) = m**3 + 8*m**2 + 7*m + 2. Let u be j(-7). Let f be u/(-8) - 218/(-8). Let d = -16 + f. What are the prime factors of d?
11
Let l = -4 - -18. Let j = l + -5. What are the prime factors of j?
3
Let z be (-1 - (0 + 1)) + -23. What are the prime factors of z/(-3) + 2/(-6)?
2
What are the prime factors of (-202)/(-6) + 18/(-27)?
3, 11
Let u(l) = -5*l + 1. What are the prime factors of u(-6)?
31
Suppose 9*f + 224 = 13*f. What are the prime factors of f?
2, 7
List the prime factors of 6/33 - (-2065)/77.
3
What are the prime factors of (2 - 2) + -3 + 46?
43
Let m = -26 + 46. What are the prime factors of m?
2, 5
Let w = 8 + -6. Let u = w + 14. What are the prime factors of u?
2
Let g(o) = 4*o**2 - o. Let s be g(1). Let t(p) = 2*p**3 + 5*p**s - 4*p**3 - 2*p**2 + p + 9*p**3. List the prime factors of t(1).
11
Let o = -5 - -9. Suppose -32 = 2*s - o*s. List the prime factors of s.
2
Let z = 6 - 8. Let q be (-3)/(z - 2/(-4)). Suppose q*n - 5 = 9. What are the prime factors of n?
7
Suppose -4*m = -4*f - 412, f = -2*m + 162 + 32. List the prime factors of m.
3, 11
Suppose 3*l - 3 = 9. Suppose l = -3*f + 61. List the prime factors of f.
19
Let s(d) = -17*d + 6. List the prime factors of s(-11).
193
Let u = 1 + -1. Let a = -1 + u. What are the prime factors of 7 - (0 - (1 - a))?
3
Suppose 0*o + 8 = -4*o. Suppose -3*p - 5*m = 9 - 1, -3*p + 16 = -m. What are the prime factors of (-30)/o*p/6?
2, 5
Let p = -413 - -579. What are the prime factors of p?
2, 83
Let s(f) = -f - 1. Let b be s(-4). Let t = b - 6. Let n = -1 - t. What are the prime factors of n?
2
Suppose 3*m = -5*a + 32, -a - 5*m = 4*a - 40. Suppose 5*t = a*t + 15. What are the prime factors of t?
3, 5
Let l = 5 - -8. Suppose 7 + l = 2*o. What are the prime factors of o?
2, 5
Let h(v) = -2*v. Let c be h(-4). Suppose -a = -g + a + 35, -c = 4*a. What are the prime factors of g?
31
What are the prime factors of (-11 - -1)*(-12 + 7)?
2, 5
Suppose -a - 6 = -2*a. Suppose 0 = 3*m - 19 + 31. Let i = a + m. What are the prime factors of i?
2
Let y(t) = -4*t - 3. What are the prime factors of y(-5)?
17
Let z = -11 + 15. Let i be 23/6 + (-4)/(-24). Suppose p + i*u - 13 = 0, z*p + u = -p + 46. What are the prime factors of p?
3
Let q(c) = 6*c**2 - 22*c - 21. List the prime factors of q(9).
3, 89
Let u(y) = y**3 + 3*y**2 - 6*y + 1. Let o be u(-5). Let j = 28 + o. Suppose 4*n + j = 5*n. List the prime factors of n.
3
Let u(r) be the first derivative of -r**4/4 + 4*r**3 + 3*r**2/2 - 17*r + 3. What are the prime factors of u(12)?
19
Let c(r) = -r**3 + 3*r**2. Let s be c(3). Suppose 2*f = -s + 26. What are the prime factors of f?
13
Let u = -18 + 50. What are the prime factors of u?
2
What are the prime factors of 13 + (4/1)/(-4)?
2, 3
Let a be (0 - (1 + -3)) + 2. Suppose -a*o + 27 - 3 = 0. What are the prime factors of o?
2, 3
Let z be 0 - (1 - -5)/(-3). Suppose 0 = -2*o + 2*w - 14, -z*w - 13 = o + 3*w. Let c = 0 - o. List the prime factors of c.
2
Suppose -4*w - 3*